{"id":795,"date":"2025-09-04T17:55:17","date_gmt":"2025-09-04T17:55:17","guid":{"rendered":"https:\/\/iznews.mx\/?page_id=795"},"modified":"2025-09-04T17:56:48","modified_gmt":"2025-09-04T17:56:48","slug":"quienes-somos","status":"publish","type":"page","link":"https:\/\/iznews.mx\/index.php\/quienes-somos\/","title":{"rendered":"\u00bfQui\u00e9nes Somos?"},"content":{"rendered":"\n<p>Iznews.mx es la voz rebelde y consciente de una generaci\u00f3n que exige justicia social, derechos humanos y acci\u00f3n clim\u00e1tica real.<br \/><strong>Pertenecemos a Medios Digitales Nacionales<\/strong>, una red comprometida con la transformaci\u00f3n desde la base.<\/p>\n\n\n<div class=\"wp-block-image\">\n<figure class=\"aligncenter size-full\"><img loading=\"lazy\" decoding=\"async\" width=\"500\" height=\"500\" src=\"https:\/\/iznews.mx\/wp-content\/uploads\/2025\/09\/iznews-1.png\" alt=\"\" class=\"wp-image-798\" srcset=\"https:\/\/iznews.mx\/wp-content\/uploads\/2025\/09\/iznews-1.png 500w, https:\/\/iznews.mx\/wp-content\/uploads\/2025\/09\/iznews-1-300x300.png 300w, https:\/\/iznews.mx\/wp-content\/uploads\/2025\/09\/iznews-1-150x150.png 150w\" sizes=\"auto, (max-width: 500px) 100vw, 500px\" \/><\/figure>\n<\/div>","protected":false},"excerpt":{"rendered":"Iznews.mx es la voz rebelde y consciente de una generaci\u00f3n que exige justicia social, derechos humanos y acci\u00f3n clim\u00e1tica real.Pertenecemos a Medios Digitales Nacionales, una red comprometida con la transformaci\u00f3n desde la base.","protected":false},"author":1,"featured_media":0,"parent":0,"menu_order":0,"comment_status":"closed","ping_status":"closed","template":"","meta":{"footnotes":""},"class_list":["post-795","page","type-page","status-publish","hentry"],"_links":{"self":[{"href":"https:\/\/iznews.mx\/index.php\/wp-json\/wp\/v2\/pages\/795","targetHints":{"allow":["GET"]}}],"collection":[{"href":"https:\/\/iznews.mx\/index.php\/wp-json\/wp\/v2\/pages"}],"about":[{"href":"https:\/\/iznews.mx\/index.php\/wp-json\/wp\/v2\/types\/page"}],"author":[{"embeddable":true,"href":"https:\/\/iznews.mx\/index.php\/wp-json\/wp\/v2\/users\/1"}],"replies":[{"embeddable":true,"href":"https:\/\/iznews.mx\/index.php\/wp-json\/wp\/v2\/comments?post=795"}],"version-history":[{"count":3,"href":"https:\/\/iznews.mx\/index.php\/wp-json\/wp\/v2\/pages\/795\/revisions"}],"predecessor-version":[{"id":800,"href":"https:\/\/iznews.mx\/index.php\/wp-json\/wp\/v2\/pages\/795\/revisions\/800"}],"wp:attachment":[{"href":"https:\/\/iznews.mx\/index.php\/wp-json\/wp\/v2\/media?parent=795"}],"curies":[{"name":"wp","href":"https:\/\/api.w.org\/{rel}","templated":true}]}}